 number?
False
Is 706015879 composite?
False
Is 2971715477 a composite number?
True
Is 21175173103 a composite number?
True
Is 24612137689 a prime number?
False
Is 4195724231 composite?
False
Is 732140018 composite?
True
Is 2857575873 a composite number?
True
Is 16343573891 prime?
False
Is 566553667 composite?
False
Is 994974157 prime?
False
Is 801628097 composite?
False
Is 84199733 prime?
False
Is 2771296051 composite?
True
Is 7405142671 a composite number?
False
Is 9080234953 prime?
True
Is 57484110269 composite?
False
Is 11960049047 composite?
True
Is 86352421 a prime number?
False
Is 565054687355 a prime number?
False
Is 1761441827 a prime number?
True
Is 1252530365 prime?
False
Is 4799798899 prime?
False
Is 143058667907 composite?
True
Is 105461471651 composite?
False
Is 39342930709 composite?
False
Is 2577942973 a prime number?
True
Is 698212615 prime?
False
Is 68437007 a prime number?
True
Is 57765483602 a composite number?
True
Is 44552252603 a prime number?
False
Is 440634041 composite?
False
Is 587128301 prime?
False
Is 154276222 a prime number?
False
Is 4288271773 a prime number?
True
Is 274997814001 a composite number?
True
Is 49638014989 prime?
False
Is 26650696871 composite?
True
Is 45679138814 a prime number?
False
Is 15299521453 composite?
True
Is 1466677579 a composite number?
True
Is 184747169 a composite number?
True
Is 21163907029 prime?
False
Is 13404141889 prime?
True
Is 5300010337 composite?
True
Is 3877049573 composite?
False
Is 12105928097 composite?
True
Is 173060584357 a composite number?
False
Is 1763131957 a prime number?
True
Is 33537282799 composite?
True
Is 51960040103 a prime number?
True
Is 130526875867 composite?
True
Is 24926959 a prime number?
True
Is 87174844347 a composite number?
True
Is 149832139 a composite number?
True
Is 103731598961 a prime number?
True
Is 2059885363 a prime number?
False
Is 9905042327 a composite number?
False
Is 55493299889 a composite number?
False
Is 4401801563 a composite number?
False
Is 775237849 prime?
False
Is 417650251 a prime number?
False
Is 45655726747 a prime number?
True
Is 1703003779 a prime number?
True
Is 2358873413 prime?
False
Is 11917114535 a prime number?
False
Is 9357185451 composite?
True
Is 2027972735 prime?
False
Is 374117753 a prime number?
False
Is 27850138319 composite?
False
Is 13986794807 a composite number?
False
Is 691997621 a prime number?
False
Is 160371399 a composite number?
True
Is 4160255543 prime?
False
Is 9568492343 a composite number?
False
Is 469398269 prime?
True
Is 2354895959 prime?
False
Is 7427698877 a composite number?
False
Is 5023651097 a prime number?
True
Is 172276719869 a prime number?
True
Is 3350056763 a composite number?
True
Is 712577597 a prime number?
True
Is 8676937769 composite?
False
Is 177755167 prime?
True
Is 21804827497 prime?
False
Is 26027616749 a composite number?
False
Is 5910456017 composite?
False
Is 3303509653 a prime number?
True
Is 34730240917 a composite number?
True
Is 2230916003 composite?
True
Is 26790172267 a prime number?
False
Is 187079987849 a composite number?
True
Is 359480987 a prime number?
False
Is 656053619 prime?
False
Is 485665181 prime?
True
Is 51586198013 a prime number?
False
Is 3295756157 composite?
False
Is 1254334207 composite?
True
Is 6307740281 prime?
True
Is 37330507321 a composite number?
False
Is 22660036847 prime?
False
Is 16888828739 composite?
False
Is 16569963311 a composite number?
True
Is 63359071 a composite number?
True
Is 75957813497 prime?
False
Is 997756273 prime?
True
Is 563928731 prime?
True
Is 227877131 composite?
True
Is 194644994 prime?
False
Is 445881497 a prime number?
True
Is 4276446817 prime?
False
Is 28412209399 composite?
True
Is 1666134629 prime?
True
Is 754853357 prime?
True
Is 597894571 prime?
True
Is 8544772673 composite?
True
Is 976119623 composite?
True
Is 7463517757 composite?
False
Is 4823539451 prime?
True
Is 764581537 prime?
True
Is 5966973767 prime?
True
Is 9264770407 prime?
True
Is 3977833721 prime?
True
Is 28758656813 a composite number?
True
Is 1006617439 a prime number?
False
Is 346092059 a composite number?
False
Is 67474973 a composite number?
True
Is 2728501723 prime?
True
Is 1245638323 a prime number?
True
Is 48806951411 a composite number?
True
Is 4043360558 a composite number?
True
Is 9720670741 prime?
True
Is 13693432309 a prime number?
False
Is 2899860863 prime?
True
Is 1355178109 prime?
False
Is 17082656957 prime?
True
Is 945379187 a composite number?
False
Is 2890234489 prime?
True
Is 433044967 composite?
False
Is 437361497 composite?
True
Is 6417468107 a prime number?
False
Is 30741218447 a composite number?
False
Is 1328903329 a composite number?
True
Is 17978392669 a prime number?
False
Is 70741556759 a composite number?
False
Is 12763407179 a composite number?
False
Is 43326726431 a composite number?
False
Is 1143986551 a composite number?
True
Is 206032874 composite?
True
Is 31371323621 composite?
True
Is 3552847211 a prime number?
True
Is 94362454513 a prime number?
True
Is 76092239 a composite number?
True
Is 402119609 a composite number?
False
Is 85529435 prime?
False
Is 249135671 composite?
True
Is 255445303 a prime number?
True
Is 2784902387 a composite number?
True
Is 325448647 composite?
False
Is 387288067 a prime number?
False
Is 19400687533 a prime number?
True
Is 23974972223 composite?
False
Is 3636516733 a prime number?
False
Is 268856216699 a composite number?
True
Is 1106991895 prime?
False
Is 6456234293 a prime number?
True
Is 274358351 prime?
True
Is 98081930723 a composite number?
True
Is 4220991691 a prime number?
False
Is 15894695897 prime?
True
Is 21209463799 composite?
False
Is 13414851301 a prime number?
False
Is 6545824217 composite?
False
Is 16313516227 prime?
False
Is 2072190011 a prime number?
True
Is 330941419 prime?
True
Is 20798451133 a composite number?
True
Is 894552151 prime?
False
Is 6934262737 a composite number?
False
Is 773139593 composite?
True
Is 8363772031 a prime number?
False
Is 451927829 a prime number?
True
Is 371270087 a composite number?
False
Is 428250532829 a prime number?
False
Is 35734199 prime?
True
Is 1636605637 a prime number?
True
Is 16816105451 a prime number?
False
Is 229738591 composite?
False
Is 8772635 a prime number?
False
Is 5257270121 composite?
False
Is 34976595247 prime?
False
Is 171011289923 prime?
False
Is 9276017 a composite number?
False
Is 575626001 prime?
False
Is 50251126577 a composite number?
True
Is 5211327103 prime?
False
Is 232616497 prime?
True
Is 43637204729 a prime number?
True
Is 5834015371 a prime number?
True
Is 19681864673 composite?
False
Is 15222839585 a composite number?
True
Is 34889565541 prime?
True
Is 487024667 composite?
True
Is 143999508629 prime?
True
Is 22482278761 a prime number?
True
Is 180131051 a prime number?
True
Is 35960440807 a composite number?
True
Is 64030429087 prime?
False
Is 10241712497 a composite number?
True
Is 5621057503 composite?
False
Is 21533252383 a composite number?
False
Is 893537917 composite?
True
Is 7138297 a composite number?
False
Is 1703521679 composite?
False
Is 1242117299 prime?
False
Is 1249438439 a prime number?
False
Is 572012177 prime?
False
Is 402523997 a composite number?
True
Is 936754099 composite?
False
Is 9184773523 prime?
True
Is 1588934297 a composite number?
False
Is 6854653529 a composite number?
True
Is 10143245587 composite?
True
Is 211221229 prime?
True
Is 2249186591 a composite number?
False
Is 745824413 a composite number?
False
Is 5752708937 prime?
True
Is 117671249 a prime number?
True
Is 580929521 a composite number?
True
Is 571994581 prime?
False
Is 27697475149 composite?
False
Is 6292629491 a prime number?
True
Is 1909726583 prime?
False
Is 524632573 prime?
False
Is 292163866 a prime number?
False
Is 11031974567 composite?
False
Is 30187204205 a prime number?
False
Is 23343904081 a composite number?
True
Is 71660797471 a prime number?
True
Is 448407474134 a composite number?
True
Is 3450776386 composite?
True
Is 1717353151 prime?
False
Is 1385382893 a prime number?
False
Is 3344473739 composite?
False
Is 1134035999 prime?
False
Is 44989235 composite?
True
Is 2241052241 prime?
True
Is 3587132603 a prime number?
True
Is 15922130123 composite?
True
Is 782441189 composite?
False
Is 193